{"id":3282,"date":"2024-09-15T15:28:24","date_gmt":"2024-09-15T18:28:24","guid":{"rendered":"https:\/\/perniladomicilio.com\/pernil2\/?post_type=product&#038;p=3282"},"modified":"2026-04-17T11:21:22","modified_gmt":"2026-04-17T14:21:22","slug":"picada-grande","status":"publish","type":"product","link":"https:\/\/perniladomicilio.com\/pernil2\/producto\/picada-grande\/","title":{"rendered":"Picada Grande"},"content":{"rendered":"<p>M\u00e1s de 150 grs de Fiambres y Quesos por persona.<\/p>\n<p>Jam\u00f3n Crudo, Jam\u00f3n Natural, Bondiola, Pastr\u00f3n<br \/>\nSppianata, Mortadela, Salamin fino y grueso, Lomito<br \/>\nHaumado, Salame Mil\u00e1n, Leberwurst, Variedad de 4<br \/>\nquesos, Dips de queso untable, Aceitunas verdes y<br \/>\nnegras, Cebollitas, Pickles, Pepinillos, Tomates<br \/>\nconfitados, Frutos Secos, Cerezas Marraschino,<br \/>\nPan de Campo, Grisines.<\/p>\n","protected":false},"excerpt":{"rendered":"<ol>\n<li>Comen 5, pican 10<\/li>\n<\/ol>\n<p>10% OFF ABONANDO EN EFECTIVO<\/p>\n<p>&nbsp;<\/p>\n","protected":false},"featured_media":3216,"template":"","meta":{"_uag_custom_page_level_css":"","site-sidebar-layout":"default","site-content-layout":"","ast-site-content-layout":"default","site-content-style":"default","site-sidebar-style":"default","ast-global-header-display":"","ast-banner-title-visibility":"","ast-main-header-display":"","ast-hfb-above-header-display":"","ast-hfb-below-header-display":"","ast-hfb-mobile-header-display":"","site-post-title":"","ast-breadcrumbs-content":"","ast-featured-img":"","footer-sml-layout":"","ast-disable-related-posts":"","theme-transparent-header-meta":"default","adv-header-id-meta":"","stick-header-meta":"","header-above-stick-meta":"","header-main-stick-meta":"","header-below-stick-meta":"","astra-migrate-meta-layouts":"set","ast-page-background-enabled":"default","ast-page-background-meta":{"desktop":{"background-color":"var(--ast-global-color-4)","background-image":"","background-repeat":"repeat","background-position":"center center","background-size":"auto","background-attachment":"scroll","background-type":"","background-media":"","overlay-type":"","overlay-color":"","overlay-opacity":"","overlay-gradient":""},"tablet":{"background-color":"","background-image":"","background-repeat":"repeat","background-position":"center center","background-size":"auto","background-attachment":"scroll","background-type":"","background-media":"","overlay-type":"","overlay-color":"","overlay-opacity":"","overlay-gradient":""},"mobile":{"background-color":"","background-image":"","background-repeat":"repeat","background-position":"center center","background-size":"auto","background-attachment":"scroll","background-type":"","background-media":"","overlay-type":"","overlay-color":"","overlay-opacity":"","overlay-gradient":""}},"ast-content-background-meta":{"desktop":{"background-color":"var(--ast-global-color-5)","background-image":"","background-repeat":"repeat","background-position":"center center","background-size":"auto","background-attachment":"scroll","background-type":"","background-media":"","overlay-type":"","overlay-color":"","overlay-opacity":"","overlay-gradient":""},"tablet":{"background-color":"var(--ast-global-color-5)","background-image":"","background-repeat":"repeat","background-position":"center center","background-size":"auto","background-attachment":"scroll","background-type":"","background-media":"","overlay-type":"","overlay-color":"","overlay-opacity":"","overlay-gradient":""},"mobile":{"background-color":"var(--ast-global-color-5)","background-image":"","background-repeat":"repeat","background-position":"center center","background-size":"auto","background-attachment":"scroll","background-type":"","background-media":"","overlay-type":"","overlay-color":"","overlay-opacity":"","overlay-gradient":""}}},"product_brand":[],"product_cat":[28,31,29],"product_tag":[],"class_list":{"0":"post-3282","1":"product","2":"type-product","3":"status-publish","4":"has-post-thumbnail","6":"product_cat-entradas","7":"product_cat-picada-grande","8":"product_cat-picadas-completas","9":"desktop-align-left","10":"tablet-align-left","11":"mobile-align-left","13":"first","14":"instock","15":"shipping-taxable","16":"purchasable","17":"product-type-composite"},"yoast_head":"<!-- This site is optimized with the Yoast SEO plugin v27.5 - https:\/\/yoast.com\/product\/yoast-seo-wordpress\/ -->\n<title>Picada Grande - Pernil a Domicilio - Picadas y Perniles para eventos en Bs. As.<\/title>\n<meta name=\"robots\" content=\"index, follow, max-snippet:-1, max-image-preview:large, max-video-preview:-1\" \/>\n<link rel=\"canonical\" href=\"https:\/\/perniladomicilio.com\/pernil2\/producto\/picada-grande\/\" \/>\n<meta property=\"og:locale\" content=\"es_ES\" \/>\n<meta property=\"og:type\" content=\"article\" \/>\n<meta property=\"og:title\" content=\"Picada Grande - Pernil a Domicilio - Picadas y Perniles para eventos en Bs. As.\" \/>\n<meta property=\"og:description\" content=\"Comen 5, pican 10  10% OFF ABONANDO EN EFECTIVO  &nbsp;\" \/>\n<meta property=\"og:url\" content=\"https:\/\/perniladomicilio.com\/pernil2\/producto\/picada-grande\/\" \/>\n<meta property=\"og:site_name\" content=\"Pernil a Domicilio - Picadas y Perniles para eventos en Bs. As.\" \/>\n<meta property=\"article:modified_time\" content=\"2026-04-17T14:21:22+00:00\" \/>\n<meta property=\"og:image\" content=\"https:\/\/perniladomicilio.com\/pernil2\/wp-content\/uploads\/2024\/09\/pernil-6523-scaled-300x300-1.jpg\" \/>\n\t<meta property=\"og:image:width\" content=\"300\" \/>\n\t<meta property=\"og:image:height\" content=\"300\" \/>\n\t<meta property=\"og:image:type\" content=\"image\/jpeg\" \/>\n<meta name=\"twitter:card\" content=\"summary_large_image\" \/>\n<meta name=\"twitter:label1\" content=\"Tiempo de lectura\" \/>\n\t<meta name=\"twitter:data1\" content=\"1 minuto\" \/>\n<script type=\"application\/ld+json\" class=\"yoast-schema-graph\">{\"@context\":\"https:\\\/\\\/schema.org\",\"@graph\":[{\"@type\":\"WebPage\",\"@id\":\"https:\\\/\\\/perniladomicilio.com\\\/pernil2\\\/producto\\\/picada-grande\\\/\",\"url\":\"https:\\\/\\\/perniladomicilio.com\\\/pernil2\\\/producto\\\/picada-grande\\\/\",\"name\":\"Picada Grande - Pernil a Domicilio - Picadas y Perniles para eventos en Bs. As.\",\"isPartOf\":{\"@id\":\"https:\\\/\\\/perniladomicilio.com\\\/pernil2\\\/#website\"},\"primaryImageOfPage\":{\"@id\":\"https:\\\/\\\/perniladomicilio.com\\\/pernil2\\\/producto\\\/picada-grande\\\/#primaryimage\"},\"image\":{\"@id\":\"https:\\\/\\\/perniladomicilio.com\\\/pernil2\\\/producto\\\/picada-grande\\\/#primaryimage\"},\"thumbnailUrl\":\"https:\\\/\\\/perniladomicilio.com\\\/pernil2\\\/wp-content\\\/uploads\\\/2024\\\/09\\\/pernil-6523-scaled-300x300-1.jpg\",\"datePublished\":\"2024-09-15T18:28:24+00:00\",\"dateModified\":\"2026-04-17T14:21:22+00:00\",\"breadcrumb\":{\"@id\":\"https:\\\/\\\/perniladomicilio.com\\\/pernil2\\\/producto\\\/picada-grande\\\/#breadcrumb\"},\"inLanguage\":\"es-AR\",\"potentialAction\":[{\"@type\":\"ReadAction\",\"target\":[\"https:\\\/\\\/perniladomicilio.com\\\/pernil2\\\/producto\\\/picada-grande\\\/\"]}]},{\"@type\":\"ImageObject\",\"inLanguage\":\"es-AR\",\"@id\":\"https:\\\/\\\/perniladomicilio.com\\\/pernil2\\\/producto\\\/picada-grande\\\/#primaryimage\",\"url\":\"https:\\\/\\\/perniladomicilio.com\\\/pernil2\\\/wp-content\\\/uploads\\\/2024\\\/09\\\/pernil-6523-scaled-300x300-1.jpg\",\"contentUrl\":\"https:\\\/\\\/perniladomicilio.com\\\/pernil2\\\/wp-content\\\/uploads\\\/2024\\\/09\\\/pernil-6523-scaled-300x300-1.jpg\",\"width\":300,\"height\":300},{\"@type\":\"BreadcrumbList\",\"@id\":\"https:\\\/\\\/perniladomicilio.com\\\/pernil2\\\/producto\\\/picada-grande\\\/#breadcrumb\",\"itemListElement\":[{\"@type\":\"ListItem\",\"position\":1,\"name\":\"Inicio\",\"item\":\"https:\\\/\\\/perniladomicilio.com\\\/pernil2\\\/\"},{\"@type\":\"ListItem\",\"position\":2,\"name\":\"Tienda\",\"item\":\"https:\\\/\\\/perniladomicilio.com\\\/pernil2\\\/tienda\\\/\"},{\"@type\":\"ListItem\",\"position\":3,\"name\":\"Picada Grande\"}]},{\"@type\":\"WebSite\",\"@id\":\"https:\\\/\\\/perniladomicilio.com\\\/pernil2\\\/#website\",\"url\":\"https:\\\/\\\/perniladomicilio.com\\\/pernil2\\\/\",\"name\":\"Pernil a Domicilio - Picadas y Perniles para eventos en Bs. As.\",\"description\":\"\",\"publisher\":{\"@id\":\"https:\\\/\\\/perniladomicilio.com\\\/pernil2\\\/#organization\"},\"potentialAction\":[{\"@type\":\"SearchAction\",\"target\":{\"@type\":\"EntryPoint\",\"urlTemplate\":\"https:\\\/\\\/perniladomicilio.com\\\/pernil2\\\/?s={search_term_string}\"},\"query-input\":{\"@type\":\"PropertyValueSpecification\",\"valueRequired\":true,\"valueName\":\"search_term_string\"}}],\"inLanguage\":\"es-AR\"},{\"@type\":\"Organization\",\"@id\":\"https:\\\/\\\/perniladomicilio.com\\\/pernil2\\\/#organization\",\"name\":\"Pernil a Domicilio - Picadas y Perniles para eventos en Bs. As.\",\"url\":\"https:\\\/\\\/perniladomicilio.com\\\/pernil2\\\/\",\"logo\":{\"@type\":\"ImageObject\",\"inLanguage\":\"es-AR\",\"@id\":\"https:\\\/\\\/perniladomicilio.com\\\/pernil2\\\/#\\\/schema\\\/logo\\\/image\\\/\",\"url\":\"https:\\\/\\\/perniladomicilio.com\\\/pernil2\\\/wp-content\\\/uploads\\\/2024\\\/11\\\/cropped-LOGO-PERNILES-.png\",\"contentUrl\":\"https:\\\/\\\/perniladomicilio.com\\\/pernil2\\\/wp-content\\\/uploads\\\/2024\\\/11\\\/cropped-LOGO-PERNILES-.png\",\"width\":586,\"height\":195,\"caption\":\"Pernil a Domicilio - Picadas y Perniles para eventos en Bs. As.\"},\"image\":{\"@id\":\"https:\\\/\\\/perniladomicilio.com\\\/pernil2\\\/#\\\/schema\\\/logo\\\/image\\\/\"}}]}<\/script>\n<!-- \/ Yoast SEO plugin. -->","yoast_head_json":{"title":"Picada Grande - Pernil a Domicilio - Picadas y Perniles para eventos en Bs. As.","robots":{"index":"index","follow":"follow","max-snippet":"max-snippet:-1","max-image-preview":"max-image-preview:large","max-video-preview":"max-video-preview:-1"},"canonical":"https:\/\/perniladomicilio.com\/pernil2\/producto\/picada-grande\/","og_locale":"es_ES","og_type":"article","og_title":"Picada Grande - Pernil a Domicilio - Picadas y Perniles para eventos en Bs. As.","og_description":"Comen 5, pican 10  10% OFF ABONANDO EN EFECTIVO  &nbsp;","og_url":"https:\/\/perniladomicilio.com\/pernil2\/producto\/picada-grande\/","og_site_name":"Pernil a Domicilio - Picadas y Perniles para eventos en Bs. As.","article_modified_time":"2026-04-17T14:21:22+00:00","og_image":[{"width":300,"height":300,"url":"https:\/\/perniladomicilio.com\/pernil2\/wp-content\/uploads\/2024\/09\/pernil-6523-scaled-300x300-1.jpg","type":"image\/jpeg"}],"twitter_card":"summary_large_image","twitter_misc":{"Tiempo de lectura":"1 minuto"},"schema":{"@context":"https:\/\/schema.org","@graph":[{"@type":"WebPage","@id":"https:\/\/perniladomicilio.com\/pernil2\/producto\/picada-grande\/","url":"https:\/\/perniladomicilio.com\/pernil2\/producto\/picada-grande\/","name":"Picada Grande - Pernil a Domicilio - Picadas y Perniles para eventos en Bs. As.","isPartOf":{"@id":"https:\/\/perniladomicilio.com\/pernil2\/#website"},"primaryImageOfPage":{"@id":"https:\/\/perniladomicilio.com\/pernil2\/producto\/picada-grande\/#primaryimage"},"image":{"@id":"https:\/\/perniladomicilio.com\/pernil2\/producto\/picada-grande\/#primaryimage"},"thumbnailUrl":"https:\/\/perniladomicilio.com\/pernil2\/wp-content\/uploads\/2024\/09\/pernil-6523-scaled-300x300-1.jpg","datePublished":"2024-09-15T18:28:24+00:00","dateModified":"2026-04-17T14:21:22+00:00","breadcrumb":{"@id":"https:\/\/perniladomicilio.com\/pernil2\/producto\/picada-grande\/#breadcrumb"},"inLanguage":"es-AR","potentialAction":[{"@type":"ReadAction","target":["https:\/\/perniladomicilio.com\/pernil2\/producto\/picada-grande\/"]}]},{"@type":"ImageObject","inLanguage":"es-AR","@id":"https:\/\/perniladomicilio.com\/pernil2\/producto\/picada-grande\/#primaryimage","url":"https:\/\/perniladomicilio.com\/pernil2\/wp-content\/uploads\/2024\/09\/pernil-6523-scaled-300x300-1.jpg","contentUrl":"https:\/\/perniladomicilio.com\/pernil2\/wp-content\/uploads\/2024\/09\/pernil-6523-scaled-300x300-1.jpg","width":300,"height":300},{"@type":"BreadcrumbList","@id":"https:\/\/perniladomicilio.com\/pernil2\/producto\/picada-grande\/#breadcrumb","itemListElement":[{"@type":"ListItem","position":1,"name":"Inicio","item":"https:\/\/perniladomicilio.com\/pernil2\/"},{"@type":"ListItem","position":2,"name":"Tienda","item":"https:\/\/perniladomicilio.com\/pernil2\/tienda\/"},{"@type":"ListItem","position":3,"name":"Picada Grande"}]},{"@type":"WebSite","@id":"https:\/\/perniladomicilio.com\/pernil2\/#website","url":"https:\/\/perniladomicilio.com\/pernil2\/","name":"Pernil a Domicilio - Picadas y Perniles para eventos en Bs. As.","description":"","publisher":{"@id":"https:\/\/perniladomicilio.com\/pernil2\/#organization"},"potentialAction":[{"@type":"SearchAction","target":{"@type":"EntryPoint","urlTemplate":"https:\/\/perniladomicilio.com\/pernil2\/?s={search_term_string}"},"query-input":{"@type":"PropertyValueSpecification","valueRequired":true,"valueName":"search_term_string"}}],"inLanguage":"es-AR"},{"@type":"Organization","@id":"https:\/\/perniladomicilio.com\/pernil2\/#organization","name":"Pernil a Domicilio - Picadas y Perniles para eventos en Bs. As.","url":"https:\/\/perniladomicilio.com\/pernil2\/","logo":{"@type":"ImageObject","inLanguage":"es-AR","@id":"https:\/\/perniladomicilio.com\/pernil2\/#\/schema\/logo\/image\/","url":"https:\/\/perniladomicilio.com\/pernil2\/wp-content\/uploads\/2024\/11\/cropped-LOGO-PERNILES-.png","contentUrl":"https:\/\/perniladomicilio.com\/pernil2\/wp-content\/uploads\/2024\/11\/cropped-LOGO-PERNILES-.png","width":586,"height":195,"caption":"Pernil a Domicilio - Picadas y Perniles para eventos en Bs. As."},"image":{"@id":"https:\/\/perniladomicilio.com\/pernil2\/#\/schema\/logo\/image\/"}}]}},"uagb_featured_image_src":{"full":["https:\/\/perniladomicilio.com\/pernil2\/wp-content\/uploads\/2024\/09\/pernil-6523-scaled-300x300-1.jpg",300,300,false],"thumbnail":["https:\/\/perniladomicilio.com\/pernil2\/wp-content\/uploads\/2024\/09\/pernil-6523-scaled-300x300-1-150x150.jpg",150,150,true],"medium":["https:\/\/perniladomicilio.com\/pernil2\/wp-content\/uploads\/2024\/09\/pernil-6523-scaled-300x300-1.jpg",300,300,false],"medium_large":["https:\/\/perniladomicilio.com\/pernil2\/wp-content\/uploads\/2024\/09\/pernil-6523-scaled-300x300-1.jpg",300,300,false],"large":["https:\/\/perniladomicilio.com\/pernil2\/wp-content\/uploads\/2024\/09\/pernil-6523-scaled-300x300-1.jpg",300,300,false],"1536x1536":["https:\/\/perniladomicilio.com\/pernil2\/wp-content\/uploads\/2024\/09\/pernil-6523-scaled-300x300-1.jpg",300,300,false],"2048x2048":["https:\/\/perniladomicilio.com\/pernil2\/wp-content\/uploads\/2024\/09\/pernil-6523-scaled-300x300-1.jpg",300,300,false],"woocommerce_thumbnail":["https:\/\/perniladomicilio.com\/pernil2\/wp-content\/uploads\/2024\/09\/pernil-6523-scaled-300x300-1.jpg",300,300,false],"woocommerce_single":["https:\/\/perniladomicilio.com\/pernil2\/wp-content\/uploads\/2024\/09\/pernil-6523-scaled-300x300-1.jpg",300,300,false],"woocommerce_gallery_thumbnail":["https:\/\/perniladomicilio.com\/pernil2\/wp-content\/uploads\/2024\/09\/pernil-6523-scaled-300x300-1-100x100.jpg",100,100,true]},"uagb_author_info":{"display_name":"dbmjr","author_link":"https:\/\/perniladomicilio.com\/pernil2\/author\/"},"uagb_comment_info":0,"uagb_excerpt":"Comen 5, pican 10 10% OFF ABONANDO EN EFECTIVO &nbsp;","_links":{"self":[{"href":"https:\/\/perniladomicilio.com\/pernil2\/wp-json\/wp\/v2\/product\/3282","targetHints":{"allow":["GET"]}}],"collection":[{"href":"https:\/\/perniladomicilio.com\/pernil2\/wp-json\/wp\/v2\/product"}],"about":[{"href":"https:\/\/perniladomicilio.com\/pernil2\/wp-json\/wp\/v2\/types\/product"}],"wp:featuredmedia":[{"embeddable":true,"href":"https:\/\/perniladomicilio.com\/pernil2\/wp-json\/wp\/v2\/media\/3216"}],"wp:attachment":[{"href":"https:\/\/perniladomicilio.com\/pernil2\/wp-json\/wp\/v2\/media?parent=3282"}],"wp:term":[{"taxonomy":"product_brand","embeddable":true,"href":"https:\/\/perniladomicilio.com\/pernil2\/wp-json\/wp\/v2\/product_brand?post=3282"},{"taxonomy":"product_cat","embeddable":true,"href":"https:\/\/perniladomicilio.com\/pernil2\/wp-json\/wp\/v2\/product_cat?post=3282"},{"taxonomy":"product_tag","embeddable":true,"href":"https:\/\/perniladomicilio.com\/pernil2\/wp-json\/wp\/v2\/product_tag?post=3282"}],"curies":[{"name":"wp","href":"https:\/\/api.w.org\/{rel}","templated":true}]}}